{"id":479,"date":"2024-02-07T05:42:27","date_gmt":"2024-02-07T05:42:27","guid":{"rendered":"https:\/\/randonneenepal.com\/?page_id=479"},"modified":"2025-12-14T02:18:51","modified_gmt":"2025-12-14T02:18:51","slug":"contactez-nous","status":"publish","type":"page","link":"https:\/\/randonneenepal.com\/?page_id=479","title":{"rendered":"[smartslider3 slider=\"2\"]Contactez-nous"},"content":{"rendered":"\n<p>Bonjour Namaste,<br>Nous vous remercions d&#8217;avoir pris le temps de remplir ce formulaire. Nous vous r\u00e9pondrons dans les plus brefs d\u00e9lais. Si vous ne recevez pas de r\u00e9ponse, merci de v\u00e9rifier \u00e9galement votre dossier Spam ou Ind\u00e9sirables.<br><strong>Ou bien, choisissez le trek \/ voyage de votre choix et envoyez-nous directement votre demande \u00e0 : <a href=\"mailto:ecologytreks@gmail.com\">ecologytreks@gmail.com<\/a>. Nous vous proposons un tarif sp\u00e9cial pour l&#8217;ann\u00e9e 2025. <\/strong><br>Merci beaucoup !<\/p>\n\n\n\n<div class=\"wpcf7 no-js\" id=\"wpcf7-f478-o1\" lang=\"en-US\" dir=\"ltr\" data-wpcf7-id=\"478\">\n<div class=\"screen-reader-response\"><p role=\"status\" aria-live=\"polite\" aria-atomic=\"true\"><\/p> <ul><\/ul><\/div>\n<form action=\"\/index.php?rest_route=%2Fwp%2Fv2%2Fpages%2F479#wpcf7-f478-o1\" method=\"post\" class=\"wpcf7-form init\" aria-label=\"Contact form\" novalidate=\"novalidate\" data-status=\"init\">\n<fieldset class=\"hidden-fields-container\"><input type=\"hidden\" name=\"_wpcf7\" value=\"478\" \/><input type=\"hidden\" name=\"_wpcf7_version\" value=\"6.1.5\" \/><input type=\"hidden\" name=\"_wpcf7_locale\" value=\"en_US\" \/><input type=\"hidden\" name=\"_wpcf7_unit_tag\" value=\"wpcf7-f478-o1\" \/><input type=\"hidden\" name=\"_wpcf7_container_post\" value=\"0\" \/><input type=\"hidden\" name=\"_wpcf7_posted_data_hash\" value=\"\" \/><input type=\"hidden\" name=\"_wpcf7_recaptcha_response\" value=\"\" \/>\n<\/fieldset>\n<div class=\"quick-appoinment\">\n\t<div class=\"row\">\n\t\t<div class=\"columns columns-6\">\n\t\t\t<p><span class=\"wpcf7-form-control-wrap\" data-name=\"text-691\"><input size=\"40\" maxlength=\"400\" class=\"wpcf7-form-control wpcf7-text wpcf7-validates-as-required\" aria-required=\"true\" aria-invalid=\"false\" placeholder=\"Nom et Pr\u00e9nom *\" value=\"\" type=\"text\" name=\"text-691\" \/><\/span>\n\t\t\t<\/p>\n\t\t<\/div>\n\t\t<div class=\"columns columns-6\">\n\t\t\t<p><span class=\"wpcf7-form-control-wrap\" data-name=\"email-262\"><input size=\"40\" maxlength=\"400\" class=\"wpcf7-form-control wpcf7-email wpcf7-validates-as-required wpcf7-text wpcf7-validates-as-email\" aria-required=\"true\" aria-invalid=\"false\" placeholder=\"Adresse Email *\" value=\"\" type=\"email\" name=\"email-262\" \/><\/span>\n\t\t\t<\/p>\n\t\t<\/div>\n\t<\/div>\n\t<div class=\"row\">\n\t\t<div class=\"columns columns-6\">\n\t\t\t<p><span class=\"wpcf7-form-control-wrap\" data-name=\"tel-998\"><input size=\"40\" maxlength=\"400\" class=\"wpcf7-form-control wpcf7-tel wpcf7-validates-as-required wpcf7-text wpcf7-validates-as-tel\" aria-required=\"true\" aria-invalid=\"false\" placeholder=\"Portable\/Phone *\" value=\"\" type=\"tel\" name=\"tel-998\" \/><\/span>\n\t\t\t<\/p>\n\t\t<\/div>\n\t\t<div class=\"columns columns-6\">\n\t\t\t<p><span class=\"wpcf7-form-control-wrap\" data-name=\"text-450\"><input size=\"40\" maxlength=\"400\" class=\"wpcf7-form-control wpcf7-text wpcf7-validates-as-required\" aria-required=\"true\" aria-invalid=\"false\" placeholder=\"Trek\/Voyage *\" value=\"\" type=\"text\" name=\"text-450\" \/><\/span>\n\t\t\t<\/p>\n\t\t<\/div>\n\t<\/div>\n\t<div class=\"row\">\n\t\t<div class=\"columns columns-25\">\n\t\t\t<p><span class=\"wpcf7-form-control-wrap\" data-name=\"textarea-1111\"><textarea cols=\"40\" rows=\"5\" maxlength=\"2000\" class=\"wpcf7-form-control wpcf7-textarea wpcf7-validates-as-required\" aria-required=\"true\" aria-invalid=\"false\" placeholder=\"Veuillez cliquer ici pour fournir des informations d\u00e9taill\u00e9es sur la r\u00e9gion de trekking souhait\u00e9e, le nombre de participants, le mois souhait\u00e9, la dur\u00e9e, ainsi que toute autre information ou question.*\" name=\"textarea-1111\"><\/textarea><\/span>\n\t\t\t<\/p>\n\t\t<\/div>\n\t<\/div>\n\t<div class=\"row\">\n\t\t<div class=\"columns columns-12\">\n\t\t<span class=\"wpcf7-form-control-wrap recaptcha\" data-name=\"recaptcha\"><span data-sitekey=\"6Ld8EWopAAAAAP1xawy4tdcZLdxByTtK4izxqqiw\" class=\"wpcf7-form-control wpcf7-recaptcha g-recaptcha\"><\/span>\r\n<noscript>\r\n\t<div class=\"grecaptcha-noscript\">\r\n\t\t<iframe src=\"https:\/\/www.google.com\/recaptcha\/api\/fallback?k=6Ld8EWopAAAAAP1xawy4tdcZLdxByTtK4izxqqiw\" frameborder=\"0\" scrolling=\"no\" width=\"310\" height=\"430\">\r\n\t\t<\/iframe>\r\n\t\t<textarea name=\"g-recaptcha-response\" rows=\"3\" cols=\"40\" placeholder=\"reCaptcha Response Here\">\r\n\t\t<\/textarea>\r\n\t<\/div>\r\n<\/noscript>\r\n<\/span>\n\t\t\t<p><input class=\"wpcf7-form-control wpcf7-submit has-spinner\" type=\"submit\" value=\"Envoyer Le Message\" \/>\n\t\t\t<\/p>\n\t\t<\/div>\n\t<\/div>\n<\/div><input type='hidden' class='wpcf7-pum' value='{\"closepopup\":false,\"closedelay\":0,\"openpopup\":false,\"openpopup_id\":0}' \/><div class=\"wpcf7-response-output\" aria-hidden=\"true\"><\/div>\n<\/form>\n<\/div>\n\n\n\n\n<p class=\"has-text-color has-link-color wp-elements-ea3f71954ec96b9013724e8d8558de74\" style=\"color:#f60606\"><strong>Note: Apr\u00e8s avoir cliqu\u00e9 sur \u2018Envoyer le message\u2019, veuillez patienter jusqu\u2019\u00e0 ce que le message de confirmation apparaisse.\u00a0En cas d\u2019erreur, essayez avec des informations authentiques, en \u00e9crivant un sujet et un message plus longs.<\/strong><br><strong>Merci beaucoup !<\/strong><\/p>\n\n\n\n<h2 class=\"wp-block-heading\"><strong>Localisation de notre bureau \u00e0 Lazimpat, Katmandou.<\/strong><\/h2>\n\n\n<p><iframe style=\"border: 0;\" src=\"https:\/\/www.google.com\/maps\/embed?pb=!1m18!1m12!1m3!1d2003.151109311134!2d85.32378218733298!3d27.719748254896956!2m3!1f0!2f0!3f0!3m2!1i1024!2i768!4f13.1!3m3!1m2!1s0x39eb191a7d988da1%3A0xe00d377d9fd8f78e!2sNepal%20Ecology%20Treks!5e0!3m2!1sen!2snp!4v1739368659527!5m2!1sen!2snp\" width=\"600\" height=\"450\" allowfullscreen=\"allowfullscreen\"><\/iframe><\/p>","protected":false},"excerpt":{"rendered":"<p>Bonjour Namaste,Nous vous remercions d&#8217;avoir pris le temps de remplir ce formulaire. Nous vous r\u00e9pondrons dans les plus brefs d\u00e9lais. Si vous ne recevez pas de r\u00e9ponse, merci de v\u00e9rifier \u00e9galement votre dossier Spam ou Ind\u00e9sirables.Ou bien, choisissez le trek &hellip;<\/p>\n<p class=\"read-more\"> <a class=\"more-link\" href=\"https:\/\/randonneenepal.com\/?page_id=479\"> <span class=\"screen-reader-text\">[smartslider3 slider=\"2\"]Contactez-nous<\/span> Read More &raquo;<\/a><\/p>\n","protected":false},"author":1,"featured_media":0,"parent":0,"menu_order":0,"comment_status":"closed","ping_status":"closed","template":"","meta":{"_joinchat":[],"footnotes":""},"class_list":["post-479","page","type-page","status-publish","hentry"],"featured_image_src":"","featured_image_src_square":false,"rbea_author_info":{"display_name":"admin","author_link":"https:\/\/randonneenepal.com\/?author=1"},"rbea_excerpt_info":"Bonjour Namaste,Nous vous remercions d&#8217;avoir pris le temps de remplir ce formulaire. Nous vous r\u00e9pondrons dans les plus brefs d\u00e9lais. Si vous ne recevez pas de r\u00e9ponse, merci de v\u00e9rifier \u00e9galement votre dossier Spam ou Ind\u00e9sirables.Ou bien, choisissez le trek &hellip;<p class=\"read-more\"> <a class=\"more-link\" href=\"https:\/\/randonneenepal.com\/?page_id=479\"> <span class=\"screen-reader-text\">[smartslider3 slider=\"2\"]Contactez-nous<\/span> Read More &raquo;<\/a><\/p>","_links":{"self":[{"href":"https:\/\/randonneenepal.com\/index.php?rest_route=\/wp\/v2\/pages\/479","targetHints":{"allow":["GET"]}}],"collection":[{"href":"https:\/\/randonneenepal.com\/index.php?rest_route=\/wp\/v2\/pages"}],"about":[{"href":"https:\/\/randonneenepal.com\/index.php?rest_route=\/wp\/v2\/types\/page"}],"author":[{"embeddable":true,"href":"https:\/\/randonneenepal.com\/index.php?rest_route=\/wp\/v2\/users\/1"}],"replies":[{"embeddable":true,"href":"https:\/\/randonneenepal.com\/index.php?rest_route=%2Fwp%2Fv2%2Fcomments&post=479"}],"version-history":[{"count":20,"href":"https:\/\/randonneenepal.com\/index.php?rest_route=\/wp\/v2\/pages\/479\/revisions"}],"predecessor-version":[{"id":669,"href":"https:\/\/randonneenepal.com\/index.php?rest_route=\/wp\/v2\/pages\/479\/revisions\/669"}],"wp:attachment":[{"href":"https:\/\/randonneenepal.com\/index.php?rest_route=%2Fwp%2Fv2%2Fmedia&parent=479"}],"curies":[{"name":"wp","href":"https:\/\/api.w.org\/{rel}","templated":true}]}}